{"id":27,"date":"2022-06-28T15:45:39","date_gmt":"2022-06-28T18:45:39","guid":{"rendered":"https:\/\/cabanasdospajaros.wordpress.com\/?page_id=22"},"modified":"2023-08-01T17:04:42","modified_gmt":"2023-08-01T17:04:42","slug":"cabanas","status":"publish","type":"page","link":"https:\/\/cabanasdospajaros.com.ar\/?page_id=27","title":{"rendered":"Caba\u00f1as"},"content":{"rendered":"\n<div class=\"wp-block-media-text alignwide is-stacked-on-mobile\" style=\"grid-template-columns:45% auto\"><figure class=\"wp-block-media-text__media\"><img loading=\"lazy\" width=\"1024\" height=\"768\" src=\"http:\/\/cabanasdospajaros.com.ar\/wp-content\/uploads\/2022\/06\/img_0074-1-1024x768.jpeg\" alt=\"\" class=\"wp-image-47 size-full\" srcset=\"https:\/\/cabanasdospajaros.com.ar\/wp-content\/uploads\/2022\/06\/img_0074-1-1024x768.jpeg 1024w, https:\/\/cabanasdospajaros.com.ar\/wp-content\/uploads\/2022\/06\/img_0074-1-300x225.jpeg 300w, https:\/\/cabanasdospajaros.com.ar\/wp-content\/uploads\/2022\/06\/img_0074-1-768x576.jpeg 768w, https:\/\/cabanasdospajaros.com.ar\/wp-content\/uploads\/2022\/06\/img_0074-1-1536x1152.jpeg 1536w, https:\/\/cabanasdospajaros.com.ar\/wp-content\/uploads\/2022\/06\/img_0074-1.jpeg 2048w\" sizes=\"(max-width: 1024px) 100vw, 1024px\" \/><\/figure><div class=\"wp-block-media-text__content\">\n<h3 class=\"has-primary-background-color has-background\">Nuestras caba\u00f1as est\u00e1n equipadas con todo lo necesario para disfrutar tu vacaciones con las comodidades de estar en casa. <\/h3>\n<\/div><\/div>\n\n\n\n<div class=\"wp-container-3 wp-block-columns alignwide\">\n<div class=\"wp-container-1 wp-block-column has-primary-color has-background-background-color has-text-color has-background\" style=\"flex-basis:400px\">\n<p class=\"has-text-align-center has-primary-color has-text-color has-large-font-size\"><strong>Las caba\u00f1as est\u00e1n&nbsp;dise\u00f1adas en 2 plantas para 4\/5 personas <\/strong><\/p>\n\n\n\n<p class=\"has-text-align-center has-primary-color has-text-color has-large-font-size\"><strong> Costa de lago y acceso a la playa.<\/strong><\/p>\n<\/div>\n\n\n\n<div class=\"wp-container-2 wp-block-column\">\n<p class=\"has-primary-color has-text-color\"><strong>Planta Baja<\/strong>: Cocina con vajilla completa, estar, comedor, ba\u00f1o y terraza.   <\/p>\n\n\n\n<p class=\"has-primary-color has-text-color\"><strong>Planta Alta:&nbsp;<\/strong>1 habitaci\u00f3n con cama matrimonial y vista al lago.                Ba\u00f1o y  1 habitaci\u00f3n con 2 camas individuales.<\/p>\n<\/div>\n<\/div>\n\n\n\n<div class=\"wp-block-jetpack-tiled-gallery alignfull is-style-square\"><div class=\"tiled-gallery__gallery\"><div class=\"tiled-gallery__row columns-3\"><div class=\"tiled-gallery__col\"><figure class=\"tiled-gallery__item\"><img srcset=\"https:\/\/i0.wp.com\/cabanasdospajaros.com.ar\/wp-content\/uploads\/2023\/08\/cab-hab2-683x1024.jpg?resize=600,600&#038;strip=info 600w,https:\/\/i0.wp.com\/cabanasdospajaros.com.ar\/wp-content\/uploads\/2023\/08\/cab-hab2-683x1024.jpg?resize=900,900&#038;strip=info 900w,https:\/\/i0.wp.com\/cabanasdospajaros.com.ar\/wp-content\/uploads\/2023\/08\/cab-hab2-683x1024.jpg?resize=1200,1200&#038;strip=info 1200w,https:\/\/i0.wp.com\/cabanasdospajaros.com.ar\/wp-content\/uploads\/2023\/08\/cab-hab2-683x1024.jpg?resize=1500,1500&#038;strip=info 1500w,https:\/\/i0.wp.com\/cabanasdospajaros.com.ar\/wp-content\/uploads\/2023\/08\/cab-hab2-683x1024.jpg?resize=1707,1707&#038;strip=info 1707w\" alt=\"\" data-height=\"2560\" data-id=\"227\" data-link=\"https:\/\/cabanasdospajaros.com.ar\/?attachment_id=227\" data-url=\"http:\/\/cabanasdospajaros.com.ar\/wp-content\/uploads\/2023\/08\/cab-hab2-683x1024.jpg\" data-width=\"1707\" src=\"https:\/\/i0.wp.com\/cabanasdospajaros.com.ar\/wp-content\/uploads\/2023\/08\/cab-hab2-683x1024.jpg?resize=1707%2C1707\" data-amp-layout=\"responsive\"\/><\/figure><\/div><div class=\"tiled-gallery__col\"><figure class=\"tiled-gallery__item\"><img srcset=\"https:\/\/i1.wp.com\/cabanasdospajaros.com.ar\/wp-content\/uploads\/2023\/08\/cab-ext1-683x1024.jpg?resize=600,600&#038;strip=info 600w,https:\/\/i1.wp.com\/cabanasdospajaros.com.ar\/wp-content\/uploads\/2023\/08\/cab-ext1-683x1024.jpg?resize=900,900&#038;strip=info 900w,https:\/\/i1.wp.com\/cabanasdospajaros.com.ar\/wp-content\/uploads\/2023\/08\/cab-ext1-683x1024.jpg?resize=1200,1200&#038;strip=info 1200w,https:\/\/i1.wp.com\/cabanasdospajaros.com.ar\/wp-content\/uploads\/2023\/08\/cab-ext1-683x1024.jpg?resize=1500,1500&#038;strip=info 1500w,https:\/\/i1.wp.com\/cabanasdospajaros.com.ar\/wp-content\/uploads\/2023\/08\/cab-ext1-683x1024.jpg?resize=1707,1707&#038;strip=info 1707w\" alt=\"\" data-height=\"2560\" data-id=\"228\" data-link=\"https:\/\/cabanasdospajaros.com.ar\/?attachment_id=228\" data-url=\"http:\/\/cabanasdospajaros.com.ar\/wp-content\/uploads\/2023\/08\/cab-ext1-683x1024.jpg\" data-width=\"1707\" src=\"https:\/\/i1.wp.com\/cabanasdospajaros.com.ar\/wp-content\/uploads\/2023\/08\/cab-ext1-683x1024.jpg?resize=1707%2C1707\" data-amp-layout=\"responsive\"\/><\/figure><\/div><div class=\"tiled-gallery__col\"><figure class=\"tiled-gallery__item\"><img srcset=\"https:\/\/i1.wp.com\/cabanasdospajaros.com.ar\/wp-content\/uploads\/2023\/08\/cab-deck2-683x1024.jpg?resize=600,600&#038;strip=info 600w,https:\/\/i1.wp.com\/cabanasdospajaros.com.ar\/wp-content\/uploads\/2023\/08\/cab-deck2-683x1024.jpg?resize=900,900&#038;strip=info 900w,https:\/\/i1.wp.com\/cabanasdospajaros.com.ar\/wp-content\/uploads\/2023\/08\/cab-deck2-683x1024.jpg?resize=1200,1200&#038;strip=info 1200w,https:\/\/i1.wp.com\/cabanasdospajaros.com.ar\/wp-content\/uploads\/2023\/08\/cab-deck2-683x1024.jpg?resize=1500,1500&#038;strip=info 1500w,https:\/\/i1.wp.com\/cabanasdospajaros.com.ar\/wp-content\/uploads\/2023\/08\/cab-deck2-683x1024.jpg?resize=1707,1707&#038;strip=info 1707w\" alt=\"\" data-height=\"2560\" data-id=\"222\" data-link=\"https:\/\/cabanasdospajaros.com.ar\/?attachment_id=222\" data-url=\"http:\/\/cabanasdospajaros.com.ar\/wp-content\/uploads\/2023\/08\/cab-deck2-683x1024.jpg\" data-width=\"1707\" src=\"https:\/\/i1.wp.com\/cabanasdospajaros.com.ar\/wp-content\/uploads\/2023\/08\/cab-deck2-683x1024.jpg?resize=1707%2C1707\" data-amp-layout=\"responsive\"\/><\/figure><\/div><\/div><div class=\"tiled-gallery__row columns-5\"><div class=\"tiled-gallery__col\"><figure class=\"tiled-gallery__item\"><img srcset=\"https:\/\/i2.wp.com\/cabanasdospajaros.com.ar\/wp-content\/uploads\/2023\/08\/cab-quincho3-683x1024.jpg?resize=600,600&#038;strip=info 600w,https:\/\/i2.wp.com\/cabanasdospajaros.com.ar\/wp-content\/uploads\/2023\/08\/cab-quincho3-683x1024.jpg?resize=900,900&#038;strip=info 900w,https:\/\/i2.wp.com\/cabanasdospajaros.com.ar\/wp-content\/uploads\/2023\/08\/cab-quincho3-683x1024.jpg?resize=1200,1200&#038;strip=info 1200w,https:\/\/i2.wp.com\/cabanasdospajaros.com.ar\/wp-content\/uploads\/2023\/08\/cab-quincho3-683x1024.jpg?resize=1500,1500&#038;strip=info 1500w,https:\/\/i2.wp.com\/cabanasdospajaros.com.ar\/wp-content\/uploads\/2023\/08\/cab-quincho3-683x1024.jpg?resize=1707,1707&#038;strip=info 1707w\" alt=\"\" data-height=\"2560\" data-id=\"226\" data-link=\"https:\/\/cabanasdospajaros.com.ar\/?attachment_id=226\" data-url=\"http:\/\/cabanasdospajaros.com.ar\/wp-content\/uploads\/2023\/08\/cab-quincho3-683x1024.jpg\" data-width=\"1707\" src=\"https:\/\/i2.wp.com\/cabanasdospajaros.com.ar\/wp-content\/uploads\/2023\/08\/cab-quincho3-683x1024.jpg?resize=1707%2C1707\" data-amp-layout=\"responsive\"\/><\/figure><\/div><div class=\"tiled-gallery__col\"><figure class=\"tiled-gallery__item\"><img srcset=\"https:\/\/i1.wp.com\/cabanasdospajaros.com.ar\/wp-content\/uploads\/2023\/08\/cab-quincho1-768x1024.jpg?resize=600,600&#038;strip=info 600w,https:\/\/i1.wp.com\/cabanasdospajaros.com.ar\/wp-content\/uploads\/2023\/08\/cab-quincho1-768x1024.jpg?resize=900,900&#038;strip=info 900w,https:\/\/i1.wp.com\/cabanasdospajaros.com.ar\/wp-content\/uploads\/2023\/08\/cab-quincho1-768x1024.jpg?resize=1200,1200&#038;strip=info 1200w,https:\/\/i1.wp.com\/cabanasdospajaros.com.ar\/wp-content\/uploads\/2023\/08\/cab-quincho1-768x1024.jpg?resize=1500,1500&#038;strip=info 1500w\" alt=\"\" data-height=\"2000\" data-id=\"225\" data-link=\"https:\/\/cabanasdospajaros.com.ar\/?attachment_id=225\" data-url=\"http:\/\/cabanasdospajaros.com.ar\/wp-content\/uploads\/2023\/08\/cab-quincho1-768x1024.jpg\" data-width=\"1500\" src=\"https:\/\/i1.wp.com\/cabanasdospajaros.com.ar\/wp-content\/uploads\/2023\/08\/cab-quincho1-768x1024.jpg?resize=1500%2C1500\" data-amp-layout=\"responsive\"\/><\/figure><\/div><div class=\"tiled-gallery__col\"><figure class=\"tiled-gallery__item\"><img srcset=\"https:\/\/i1.wp.com\/cabanasdospajaros.com.ar\/wp-content\/uploads\/2023\/08\/cab-cocina6-683x1024.jpg?resize=600,600&#038;strip=info 600w,https:\/\/i1.wp.com\/cabanasdospajaros.com.ar\/wp-content\/uploads\/2023\/08\/cab-cocina6-683x1024.jpg?resize=900,900&#038;strip=info 900w,https:\/\/i1.wp.com\/cabanasdospajaros.com.ar\/wp-content\/uploads\/2023\/08\/cab-cocina6-683x1024.jpg?resize=1200,1200&#038;strip=info 1200w,https:\/\/i1.wp.com\/cabanasdospajaros.com.ar\/wp-content\/uploads\/2023\/08\/cab-cocina6-683x1024.jpg?resize=1500,1500&#038;strip=info 1500w,https:\/\/i1.wp.com\/cabanasdospajaros.com.ar\/wp-content\/uploads\/2023\/08\/cab-cocina6-683x1024.jpg?resize=1707,1707&#038;strip=info 1707w\" alt=\"\" data-height=\"2560\" data-id=\"220\" data-link=\"https:\/\/cabanasdospajaros.com.ar\/?attachment_id=220\" data-url=\"http:\/\/cabanasdospajaros.com.ar\/wp-content\/uploads\/2023\/08\/cab-cocina6-683x1024.jpg\" data-width=\"1707\" src=\"https:\/\/i1.wp.com\/cabanasdospajaros.com.ar\/wp-content\/uploads\/2023\/08\/cab-cocina6-683x1024.jpg?resize=1707%2C1707\" data-amp-layout=\"responsive\"\/><\/figure><\/div><div class=\"tiled-gallery__col\"><figure class=\"tiled-gallery__item\"><img srcset=\"https:\/\/i0.wp.com\/cabanasdospajaros.com.ar\/wp-content\/uploads\/2023\/08\/cab-ba3-683x1024.jpg?resize=600,600&#038;strip=info 600w,https:\/\/i0.wp.com\/cabanasdospajaros.com.ar\/wp-content\/uploads\/2023\/08\/cab-ba3-683x1024.jpg?resize=900,900&#038;strip=info 900w,https:\/\/i0.wp.com\/cabanasdospajaros.com.ar\/wp-content\/uploads\/2023\/08\/cab-ba3-683x1024.jpg?resize=1200,1200&#038;strip=info 1200w,https:\/\/i0.wp.com\/cabanasdospajaros.com.ar\/wp-content\/uploads\/2023\/08\/cab-ba3-683x1024.jpg?resize=1500,1500&#038;strip=info 1500w,https:\/\/i0.wp.com\/cabanasdospajaros.com.ar\/wp-content\/uploads\/2023\/08\/cab-ba3-683x1024.jpg?resize=1707,1707&#038;strip=info 1707w\" alt=\"\" data-height=\"2560\" data-id=\"217\" data-link=\"https:\/\/cabanasdospajaros.com.ar\/?attachment_id=217\" data-url=\"http:\/\/cabanasdospajaros.com.ar\/wp-content\/uploads\/2023\/08\/cab-ba3-683x1024.jpg\" data-width=\"1707\" src=\"https:\/\/i0.wp.com\/cabanasdospajaros.com.ar\/wp-content\/uploads\/2023\/08\/cab-ba3-683x1024.jpg?resize=1707%2C1707\" data-amp-layout=\"responsive\"\/><\/figure><\/div><div class=\"tiled-gallery__col\"><figure class=\"tiled-gallery__item\"><img srcset=\"https:\/\/i0.wp.com\/cabanasdospajaros.com.ar\/wp-content\/uploads\/2023\/08\/cab-ba4-768x1024.jpg?resize=600,600&#038;strip=info 600w,https:\/\/i0.wp.com\/cabanasdospajaros.com.ar\/wp-content\/uploads\/2023\/08\/cab-ba4-768x1024.jpg?resize=900,900&#038;strip=info 900w,https:\/\/i0.wp.com\/cabanasdospajaros.com.ar\/wp-content\/uploads\/2023\/08\/cab-ba4-768x1024.jpg?resize=1200,1200&#038;strip=info 1200w,https:\/\/i0.wp.com\/cabanasdospajaros.com.ar\/wp-content\/uploads\/2023\/08\/cab-ba4-768x1024.jpg?resize=1500,1500&#038;strip=info 1500w\" alt=\"\" data-height=\"2000\" data-id=\"216\" data-link=\"https:\/\/cabanasdospajaros.com.ar\/?attachment_id=216\" data-url=\"http:\/\/cabanasdospajaros.com.ar\/wp-content\/uploads\/2023\/08\/cab-ba4-768x1024.jpg\" data-width=\"1500\" src=\"https:\/\/i0.wp.com\/cabanasdospajaros.com.ar\/wp-content\/uploads\/2023\/08\/cab-ba4-768x1024.jpg?resize=1500%2C1500\" data-amp-layout=\"responsive\"\/><\/figure><\/div><\/div><div class=\"tiled-gallery__row columns-5\"><div class=\"tiled-gallery__col\"><figure class=\"tiled-gallery__item\"><img srcset=\"https:\/\/i1.wp.com\/cabanasdospajaros.com.ar\/wp-content\/uploads\/2023\/08\/cab-ext5-1024x683.jpg?resize=600,600&#038;strip=info 600w,https:\/\/i1.wp.com\/cabanasdospajaros.com.ar\/wp-content\/uploads\/2023\/08\/cab-ext5-1024x683.jpg?resize=900,900&#038;strip=info 900w,https:\/\/i1.wp.com\/cabanasdospajaros.com.ar\/wp-content\/uploads\/2023\/08\/cab-ext5-1024x683.jpg?resize=1200,1200&#038;strip=info 1200w,https:\/\/i1.wp.com\/cabanasdospajaros.com.ar\/wp-content\/uploads\/2023\/08\/cab-ext5-1024x683.jpg?resize=1500,1500&#038;strip=info 1500w,https:\/\/i1.wp.com\/cabanasdospajaros.com.ar\/wp-content\/uploads\/2023\/08\/cab-ext5-1024x683.jpg?resize=1707,1707&#038;strip=info 1707w\" alt=\"\" data-height=\"1707\" data-id=\"223\" data-link=\"https:\/\/cabanasdospajaros.com.ar\/?attachment_id=223\" data-url=\"http:\/\/cabanasdospajaros.com.ar\/wp-content\/uploads\/2023\/08\/cab-ext5-1024x683.jpg\" data-width=\"2560\" src=\"https:\/\/i1.wp.com\/cabanasdospajaros.com.ar\/wp-content\/uploads\/2023\/08\/cab-ext5-1024x683.jpg?resize=1707%2C1707\" data-amp-layout=\"responsive\"\/><\/figure><\/div><div class=\"tiled-gallery__col\"><figure class=\"tiled-gallery__item\"><img srcset=\"https:\/\/i2.wp.com\/cabanasdospajaros.com.ar\/wp-content\/uploads\/2023\/08\/cab-living3-1024x683.jpg?resize=600,600&#038;strip=info 600w,https:\/\/i2.wp.com\/cabanasdospajaros.com.ar\/wp-content\/uploads\/2023\/08\/cab-living3-1024x683.jpg?resize=900,900&#038;strip=info 900w,https:\/\/i2.wp.com\/cabanasdospajaros.com.ar\/wp-content\/uploads\/2023\/08\/cab-living3-1024x683.jpg?resize=1200,1200&#038;strip=info 1200w,https:\/\/i2.wp.com\/cabanasdospajaros.com.ar\/wp-content\/uploads\/2023\/08\/cab-living3-1024x683.jpg?resize=1500,1500&#038;strip=info 1500w,https:\/\/i2.wp.com\/cabanasdospajaros.com.ar\/wp-content\/uploads\/2023\/08\/cab-living3-1024x683.jpg?resize=1707,1707&#038;strip=info 1707w\" alt=\"\" data-height=\"1707\" data-id=\"224\" data-link=\"https:\/\/cabanasdospajaros.com.ar\/?attachment_id=224\" data-url=\"http:\/\/cabanasdospajaros.com.ar\/wp-content\/uploads\/2023\/08\/cab-living3-1024x683.jpg\" data-width=\"2560\" src=\"https:\/\/i2.wp.com\/cabanasdospajaros.com.ar\/wp-content\/uploads\/2023\/08\/cab-living3-1024x683.jpg?resize=1707%2C1707\" data-amp-layout=\"responsive\"\/><\/figure><\/div><div class=\"tiled-gallery__col\"><figure class=\"tiled-gallery__item\"><img srcset=\"https:\/\/i1.wp.com\/cabanasdospajaros.com.ar\/wp-content\/uploads\/2023\/08\/Blanco-living-ventanal-lr-1024x683.jpg?resize=600,600&#038;strip=info 600w,https:\/\/i1.wp.com\/cabanasdospajaros.com.ar\/wp-content\/uploads\/2023\/08\/Blanco-living-ventanal-lr-1024x683.jpg?resize=900,900&#038;strip=info 900w,https:\/\/i1.wp.com\/cabanasdospajaros.com.ar\/wp-content\/uploads\/2023\/08\/Blanco-living-ventanal-lr-1024x683.jpg?resize=1200,1200&#038;strip=info 1200w,https:\/\/i1.wp.com\/cabanasdospajaros.com.ar\/wp-content\/uploads\/2023\/08\/Blanco-living-ventanal-lr-1024x683.jpg?resize=1500,1500&#038;strip=info 1500w,https:\/\/i1.wp.com\/cabanasdospajaros.com.ar\/wp-content\/uploads\/2023\/08\/Blanco-living-ventanal-lr-1024x683.jpg?resize=1707,1707&#038;strip=info 1707w\" alt=\"\" data-height=\"1707\" data-id=\"221\" data-link=\"https:\/\/cabanasdospajaros.com.ar\/?attachment_id=221\" data-url=\"http:\/\/cabanasdospajaros.com.ar\/wp-content\/uploads\/2023\/08\/Blanco-living-ventanal-lr-1024x683.jpg\" data-width=\"2560\" src=\"https:\/\/i1.wp.com\/cabanasdospajaros.com.ar\/wp-content\/uploads\/2023\/08\/Blanco-living-ventanal-lr-1024x683.jpg?resize=1707%2C1707\" data-amp-layout=\"responsive\"\/><\/figure><\/div><div class=\"tiled-gallery__col\"><figure class=\"tiled-gallery__item\"><img srcset=\"https:\/\/i1.wp.com\/cabanasdospajaros.com.ar\/wp-content\/uploads\/2023\/08\/cab-cocina1-1024x683.jpg?resize=600,600&#038;strip=info 600w,https:\/\/i1.wp.com\/cabanasdospajaros.com.ar\/wp-content\/uploads\/2023\/08\/cab-cocina1-1024x683.jpg?resize=900,900&#038;strip=info 900w,https:\/\/i1.wp.com\/cabanasdospajaros.com.ar\/wp-content\/uploads\/2023\/08\/cab-cocina1-1024x683.jpg?resize=1200,1200&#038;strip=info 1200w,https:\/\/i1.wp.com\/cabanasdospajaros.com.ar\/wp-content\/uploads\/2023\/08\/cab-cocina1-1024x683.jpg?resize=1500,1500&#038;strip=info 1500w,https:\/\/i1.wp.com\/cabanasdospajaros.com.ar\/wp-content\/uploads\/2023\/08\/cab-cocina1-1024x683.jpg?resize=1707,1707&#038;strip=info 1707w\" alt=\"\" data-height=\"1707\" data-id=\"219\" data-link=\"https:\/\/cabanasdospajaros.com.ar\/?attachment_id=219\" data-url=\"http:\/\/cabanasdospajaros.com.ar\/wp-content\/uploads\/2023\/08\/cab-cocina1-1024x683.jpg\" data-width=\"2560\" src=\"https:\/\/i1.wp.com\/cabanasdospajaros.com.ar\/wp-content\/uploads\/2023\/08\/cab-cocina1-1024x683.jpg?resize=1707%2C1707\" data-amp-layout=\"responsive\"\/><\/figure><\/div><div class=\"tiled-gallery__col\"><figure class=\"tiled-gallery__item\"><img srcset=\"https:\/\/i1.wp.com\/cabanasdospajaros.com.ar\/wp-content\/uploads\/2023\/08\/cab-comedor-escalera-1024x683.jpg?resize=600,600&#038;strip=info 600w,https:\/\/i1.wp.com\/cabanasdospajaros.com.ar\/wp-content\/uploads\/2023\/08\/cab-comedor-escalera-1024x683.jpg?resize=900,900&#038;strip=info 900w,https:\/\/i1.wp.com\/cabanasdospajaros.com.ar\/wp-content\/uploads\/2023\/08\/cab-comedor-escalera-1024x683.jpg?resize=1200,1200&#038;strip=info 1200w,https:\/\/i1.wp.com\/cabanasdospajaros.com.ar\/wp-content\/uploads\/2023\/08\/cab-comedor-escalera-1024x683.jpg?resize=1500,1500&#038;strip=info 1500w,https:\/\/i1.wp.com\/cabanasdospajaros.com.ar\/wp-content\/uploads\/2023\/08\/cab-comedor-escalera-1024x683.jpg?resize=1707,1707&#038;strip=info 1707w\" alt=\"\" data-height=\"1707\" data-id=\"218\" data-link=\"https:\/\/cabanasdospajaros.com.ar\/?attachment_id=218\" data-url=\"http:\/\/cabanasdospajaros.com.ar\/wp-content\/uploads\/2023\/08\/cab-comedor-escalera-1024x683.jpg\" data-width=\"2560\" src=\"https:\/\/i1.wp.com\/cabanasdospajaros.com.ar\/wp-content\/uploads\/2023\/08\/cab-comedor-escalera-1024x683.jpg?resize=1707%2C1707\" data-amp-layout=\"responsive\"\/><\/figure><\/div><\/div><\/div><\/div>\n\n\n\n<div style=\"height:9px\" aria-hidden=\"true\" class=\"wp-block-spacer\"><\/div>\n\n\n\n<h1 class=\"alignwide has-text-align-center has-primary-background-color has-background has-huge-font-size\" style=\"font-style:normal;font-weight:700\">Servicios<\/h1>\n\n\n\n<div class=\"wp-container-6 wp-block-columns\">\n<div class=\"wp-container-4 wp-block-column has-primary-color has-text-color\">\n<p class=\"has-text-align-center has-large-font-size\">-Ropa Blanca<\/p>\n\n\n\n<p class=\"has-text-align-center has-large-font-size\">-Amenities en el ba\u00f1o.<\/p>\n\n\n\n<p class=\"has-text-align-center has-large-font-size\">-Ba\u00f1era<\/p>\n\n\n\n<p class=\"has-text-align-center has-large-font-size\">-Equipo de audio<\/p>\n\n\n\n<p class=\"has-text-align-center has-large-font-size\">-Wi-fi&nbsp;<\/p>\n<\/div>\n\n\n\n<div class=\"wp-container-5 wp-block-column has-primary-color has-text-color\">\n<p class=\"has-text-align-center has-large-font-size\">-Secador de pelo<\/p>\n\n\n\n<p class=\"has-text-align-center has-large-font-size\">-Parrilla individual<\/p>\n\n\n\n<p class=\"has-text-align-center has-large-font-size\">-Servicio de limpieza<\/p>\n\n\n\n<p class=\"has-text-align-center has-large-font-size\">-Estacionamiento<\/p>\n\n\n\n<p class=\"has-text-align-center has-large-font-size\">-TV satelital<\/p>\n\n\n\n<p><\/p>\n<\/div>\n<\/div>\n\n\n\n<div class=\"wp-container-10 wp-block-group alignfull has-background\" style=\"background-color:#a12c0b\"><div class=\"wp-block-group__inner-container\">\n<div class=\"wp-container-9 wp-block-columns alignwide\">\n<div class=\"wp-container-7 wp-block-column\">\n<h2 class=\"has-text-align-left has-background-color has-text-color\"> Contacto<\/h2>\n\n\n\n<p class=\"has-background-color has-text-color\">Dospajarosvillapehuenia@gmail.com<\/p>\n\n\n\n<p class=\"has-background-color has-text-color\">Comunicaci\u00f3n preferentemente V\u00eda WhatsApp<\/p>\n\n\n\n<p class=\"has-background-color has-text-color\">(+549) 299 6350611 <\/p>\n\n\n\n<p class=\"has-background-color has-text-color\">Bah\u00eda del Eco Lote 34 ,Villa Uni\u00f3n,  Villa Pehuenia<\/p>\n\n\n\n<p><\/p>\n<\/div>\n\n\n\n<div class=\"wp-container-8 wp-block-column\">\n<h2 class=\"has-text-align-center has-background-color has-text-color\">Ubicaci\u00f3n<\/h2>\n\n\n\n<iframe src=\"https:\/\/www.google.com\/maps\/embed?pb=!1m18!1m12!1m3!1d12420.284995641015!2d-71.1262573954728!3d-38.89948597906629!2m3!1f0!2f0!3f0!3m2!1i1024!2i768!4f13.1!3m3!1m2!1s0x9612e34a88878d83%3A0x6c51eb6ae7d15858!2sDos%20Pajaros!5e0!3m2!1ses-419!2sar!4v1659821424942!5m2!1ses-419!2sar\" width=\"600\" height=\"450\" style=\"border:0;\" allowfullscreen=\"\" loading=\"lazy\" referrerpolicy=\"no-referrer-when-downgrade\"><\/iframe>\n<\/div>\n<\/div>\n<\/div><\/div>\n","protected":false},"excerpt":{"rendered":"<p>Nuestras caba\u00f1as est\u00e1n equipadas con todo lo necesario para disfrutar tu vacaciones con las comodidades de estar en casa. Las caba\u00f1as est\u00e1n&nbsp;dise\u00f1adas en 2 plantas para 4\/5 personas Costa de lago y acceso a la playa. Planta Baja: Cocina con vajilla completa, estar, comedor, ba\u00f1o y terraza. Planta Alta:&nbsp;1 habitaci\u00f3n con cama matrimonial y vista<a class=\"more-link\" href=\"https:\/\/cabanasdospajaros.com.ar\/?page_id=27\">Continue reading <span class=\"screen-reader-text\">&#8220;Caba\u00f1as&#8221;<\/span><\/a><\/p>\n","protected":false},"author":1,"featured_media":0,"parent":0,"menu_order":0,"comment_status":"closed","ping_status":"closed","template":"","meta":{"om_disable_all_campaigns":false,"_monsterinsights_skip_tracking":false,"_monsterinsights_sitenote_active":false,"_monsterinsights_sitenote_note":"","_monsterinsights_sitenote_category":0,"_joinchat":[]},"aioseo_notices":[],"_links":{"self":[{"href":"https:\/\/cabanasdospajaros.com.ar\/index.php?rest_route=\/wp\/v2\/pages\/27"}],"collection":[{"href":"https:\/\/cabanasdospajaros.com.ar\/index.php?rest_route=\/wp\/v2\/pages"}],"about":[{"href":"https:\/\/cabanasdospajaros.com.ar\/index.php?rest_route=\/wp\/v2\/types\/page"}],"author":[{"embeddable":true,"href":"https:\/\/cabanasdospajaros.com.ar\/index.php?rest_route=\/wp\/v2\/users\/1"}],"replies":[{"embeddable":true,"href":"https:\/\/cabanasdospajaros.com.ar\/index.php?rest_route=%2Fwp%2Fv2%2Fcomments&post=27"}],"version-history":[{"count":4,"href":"https:\/\/cabanasdospajaros.com.ar\/index.php?rest_route=\/wp\/v2\/pages\/27\/revisions"}],"predecessor-version":[{"id":230,"href":"https:\/\/cabanasdospajaros.com.ar\/index.php?rest_route=\/wp\/v2\/pages\/27\/revisions\/230"}],"wp:attachment":[{"href":"https:\/\/cabanasdospajaros.com.ar\/index.php?rest_route=%2Fwp%2Fv2%2Fmedia&parent=27"}],"curies":[{"name":"wp","href":"https:\/\/api.w.org\/{rel}","templated":true}]}}